+ 4*v**2. Determine c(3).
-6
Let z(m) be the first derivative of -2*m**3/3 - 5*m**2/2 + 4*m - 1. Let h(n) = -3*n**2 - 9*n + 7. Let s(g) = -3*h(g) + 5*z(g). Determine s(4).
-9
Suppose 0*i = -4*i - 28. Let j(g) = -g - 8. What is j(i)?
-1
Let w(d) = d - 1. Let q be w(-1). Let y be q/((-3)/2 - -1). Suppose y*n - 1 = -2*j - j, 5*n + 13 = j. Let x(z) = -z**2 + 4*z + 3. Give x(j).
6
Let g(h) = -4*h - 1. Let i be ((-6)/(-4))/((-6)/(-44)). Suppose -5*d + i = 2*j, 4 = j + j - 2*d. Let k be (-4 + 3)/(j/(-3)). What is g(k)?
-5
Let t(s) = 4*s**3 + 11*s**2 + 2*s - 11. Let d(w) = w**3 + w**2 + w - 1. Let i(u) = -5*d(u) + t(u). Give i(5).
4
Let d(b) be the second derivative of b**4/12 + b**3/6 + 57*b. Calculate d(-1).
0
Let z be (-1)/(-6)*-2*-3. Let c(x) be the third derivative of x**2 + 0 + 0*x**5 + 0*x**4 - 1/6*x**3 + 1/60*x**6 + 0*x. Give c(z).
1
Let x = -6 - -9. Let g = x - 6. Let v(l) = 2*l**3 - 4*l**2 - 3*l + 4. Let p(f) = 3*f**3 - 4*f**2 - 4*f + 4. Let j(r) = 3*p(r) - 4*v(r). Calculate j(g).
5
Let v(p) = -15*p - 5. Let o be v(-6). Suppose -b + o = 15. Let q be b/(-15) + 1/(-3). Let x(j) = j**3 + 6*j**2 + 6*j + 4. Calculate x(q).
-1
Let l(v) = 3*v**3 + 0 - 9*v**2 + 7 - 4*v**3 + 3*v**2. What is l(-6)?
7
Let b(w) = -w**2 + 6*w - 7. Let t be (-2 + 14)*3/6. Suppose x - 10 = -x. Suppose 29 = x*m + 4*s, 2*m - t = -0*m + 4*s. What is b(m)?
-2
Suppose 5 = 2*x + 1. Let b(j) = -3*j - 9. Let u(n) = 2*n + 5. Let l(p) = -3*b(p) - 5*u(p). Determine l(x).
0
Let o(j) = -15*j**3 - 19*j**2 + 9*j + 5. Let g(b) = -7*b**3 - 9*b**2 + 4*b + 2. Let c(n) = -13*g(n) + 6*o(n). Calculate c(-3).
-2
Let i(o) = -o**2 - 4*o + 1. Let k be i(-2). Suppose s - k*f = 6*s, 8 = 3*s - 5*f. Let m = 6 - s. Let l(j) = -2*j + 7. Determine l(m).
-3
Let n(j) = -j**2 - 5*j - 2. Let w(x) = -2*x**2. Let a be w(2). Let p be (-9 + 4)*a/(-10). What is n(p)?
2
Let q(v) = -v**2 + v - 1. Let d(g) = 21*g**2 + 35*g. Let c(y) = y**2 + y. Let f(o) = -28*c(o) + d(o). Let w(i) = f(i) - 6*q(i). Give w(0).
6
Let i(g) be the first derivative of -g**5/120 + g**4/12 + 2*g**3/3 + 4. Let a(o) be the third derivative of i(o). Calculate a(5).
-3
Let v(a) = -9*a**2 - 2*a - 1. Suppose 0 = -5*q + 6*c - 3*c - 23, 0 = c + 4. Let t(r) = 2*r + 13. Let x be t(q). Calculate v(x).
-8
Let o(f) be the first derivative of -f**3/3 + 2*f - 1. Give o(-4).
-14
Let a(f) = -3*f + 2. Let k = 8 - 7. Let m = k - -3. What is a(m)?
-10
Let f(w) = 2*w - 1. Let o(q) = -q**2 - 5*q - 6. Let j be o(-1). What is f(j)?
-5
Let u(g) = 2*g - 73 + g + 70 - 4*g. What is u(-5)?
2
Suppose 2*p = 2*m + 2, -3*p - 8 + 32 = 4*m. Let c(s) = s**2 - 4*s - 3. Give c(p).
-3
Let g(y) = 3*y + 1. Let i(p) = -1. Let q(o) = -g(o) - 3*i(o). Let h(t) = -3*t**2 - t. Let c be h(-1). Determine q(c).
8
Let j(w) = -w**3 - w**2 + 3*w - 4. Let c be 4/(10/5) - 5. Give j(c).
5
Let g(j) = 2*j**3 - 3*j**2 + 2*j. Suppose 2*s - 19 = -3*z, -2*z = -2 - 8. Give g(s).
8
Let o be 42/189 + ((-61)/(-9) - 1). Let b(q) = -2*q + 2. Give b(o).
-10
Let h(s) = 4*s + 1 - 2 - s**2 - 2 + 8. Give h(4).
5
Let y(g) = -g - 1. Let c be y(-9). Let j(i) = 2*i**2 - 5*i - 4. Let q(b) = -b**2 + 3*b + 2. Let n(u) = -6*j(u) - 13*q(u). Give n(c).
-10
Suppose 3*a - 3 - 9 = 5*s, -2 = -s + 5*a. Let u(b) be the third derivative of b**4/24 - 2*b**3/3 - 213*b**2. Give u(s).
-7
Suppose 5*i = -15, -2*i - 3*i = -q + 14. Let x(u) = -6*u**3 + 4*u**2. Let b = 23 + -20. Let h(n) = 6*n**3 - 5*n**2. Let z(y) = b*h(y) + 4*x(y). What is z(q)?
7
Let x(g) = 2*g + 7. Let q(l) = 3*l**3 + 2*l**2 + l. Let y be q(-1). Let d be (-8)/y + (-5)/(-5). Give x(d).
17
Let j(t) = 3*t - t + 40 - 47. Calculate j(6).
5
Let z(l) = -l + 9. Let t(w) = w**3 - 2*w**2 + 3*w - 2. Let c be t(2). Calculate z(c).
5
Let r(h) = 7*h**3 + h - 1. Let l(a) = -a**3 + 5*a**2 - 5*a + 3. Let g be l(3). Suppose -13 = 5*q + 12. Let x = g + q. What is r(x)?
7
Let w(t) = t**2 - 3*t - 3. Suppose -3*b + 5*b - 2*j = 4, -j + 10 = 3*b. Suppose 3*v - 3*k - 23 = -2, 0 = -b*k - 6. Determine w(v).
7
Let g be -1*(-3 - 2*-4). Let h(m) = m + 1. Determine h(g).
-4
Let h = 0 - -3. Let u(g) = -2*g - 3*g**3 + 4*g**h + 0*g + 8 + 5*g**2 - 2*g. Give u(-6).
-4
Let t(p) = -10*p - 6*p + 20*p + 10 - 3*p. Calculate t(-5).
5
Let x = 31 - 29. Let q be 2*2/(4/3). Let m(d) = -d**2 + q*d**2 + d**3 + 1 - 4*d**2. What is m(x)?
1
Let r(k) be the third derivative of k**6/120 + k**5/60 + k**2. Let i(g) = 4*g**2 - 2*g - 1. Let c(x) = i(x) - r(x). Give c(3).
-7
Let o(v) = 2*v - 9. Let p be o(6). Let u(c) = -2*c**3 + 3*c**p - 4*c - 2*c**3 + 1 - 4*c**2 - 3. What is u(-2)?
-2
Let h = 29 + -25. Let f(n) be the first derivative of 4/3*n**3 + 1/4*n**h + 4*n + 3/2*n**2 + 1. Calculate f(-3).
4
Let x(w) = w**2 - 2*w - w + 2 + 4. Let v = 2 + 0. Suppose -l = 2*l - 4*m - 4, 0 = l - 3*m + v. Give x(l).
10
Suppose 4*q - 11 + 3 = 0. Let w(r) = 1 - q*r + 0*r - 12*r**3 - 7 + 5. Give w(-1).
13
Let i(v) = 2*v - 9. Let o(p) = -p + 5. Let s(w) = 4*i(w) + 7*o(w). What is s(-3)?
-4
Let r(m) = -4*m**2 - 5. Let o(b) = b**2 + 1. Let z(j) = 9*o(j) + 2*r(j). Suppose 4 = 3*u - 14. Let f be 4/6 + 8/u. What is z(f)?
3
Let b(v) = 10*v + 2. Let i = 4 - 5. Let x(m) = -m - 1. Let f(k) = i*b(k) - 3*x(k). What is f(1)?
-6
Let d(r) = 0*r + 3*r - 2*r + 0*r + 2. Let k be d(0). Let a(m) = m. Give a(k).
2
Let n(m) = -m + 2. Let t = -6 + -1. Calculate n(t).
9
Suppose -3 = -3*w + 2*w, -3*o + 3*w - 21 = 0. Let r(i) be the third derivative of -i**4/24 - i**3/3 + 2*i**2. Determine r(o).
2
Let z(h) = 13*h - 3. Let x(m) = 7*m - 2. Let r(q) = -q**3 - 5*q**2 + 4*q - 1. Let s be r(-6). Let n(i) = s*x(i) - 6*z(i). Determine n(-4).
0
Let p(f) be the third derivative of -f**5/120 - f**4/8 - f**3/2 + 4*f**2. Let i(u) be the first derivative of p(u). Give i(-5).
2
Let c(o) be the second derivative of o**3/6 + o**2/2 - o. Let i be (-19)/3 + 1/3. Determine c(i).
-5
Let u(y) = 6*y**2 + y + 9. Let j(c) = 5*c**2 + c + 8. Let t(o) = -7*j(o) + 6*u(o). Determine t(-2).
4
Let f(b) = b**3 - b**2 + b + 1. Let q = -29 + 43. Suppose -2*x = -x - q. Suppose -8*s + 3*s + x = -2*w, 5*s + 2*w - 6 = 0. Calculate f(s).
7
Let o(v) = -v**3 + 4*v**2 - 3*v - 1. Let b(t) = t**3 - 4*t**2 + 3*t. Let k(r) = 3*b(r) + 2*o(r). Suppose 4 = a - 2. Suppose 0 = 4*g - 2*g - a. What is k(g)?
-2
Let x(f) = 15*f - 2. Let z be (0 + -6)/((-2)/5). Suppose -4*c - z = -w, 4*c + 35 = 2*c - 5*w. Let a(o) = -22*o + 3. Let m(u) = c*a(u) - 8*x(u). Give m(1).
-9
Let m(z) be the second derivative of -1/20*z**5 + 0*z**3 + 1/2*z**2 + 3*z + 0*z**4 + 0. Determine m(2).
-7
Let q(g) = -3*g**2 - 1 + g - 9*g**3 + 8*g**3 + 5*g**2. Give q(3).
-7
Suppose 0 = c - 2*p - 6, -18 = -4*c - p - 3. Let y(q) be the second derivative of q**5/20 - 5*q**4/12 + q**3 - q**2 - q. What is y(c)?
6
Let h be 1/5 - 9/45. Let v(x) be the third derivative of -x**2 + 1/20*x**5 - 5/24*x**4 + 1/120*x**6 + h*x - 1/2*x**3 + 0. What is v(-4)?
1
Let z(u) be the third derivative of 11*u**7/840 + u**6/360 - u**3/3 + 6*u**2. Let r(t) be the first derivative of z(t). What is r(-1)?
-10
Let c(a) be the third derivative of -a**3/6 - a**2. Let m(w) = w**3 - 5*w**2 + 11. Let b(l) = -5*c(l) - m(l). Suppose 0 = -37*u + 33*u + 20. Give b(u).
-6
Suppose -5*b = -18 - 22. Suppose -4*y = 5*d - 25, -b*y = -3*y + 5*d - 30. Let s(n) = n**2 - 3*n - 5. Calculate s(y).
5
Let m(p) be the second derivative of -p**3/2 - 3*p**2 + 2*p. Suppose -2*a = 2*a - 4*d, -a = 3*d + 16. What is m(a)?
6
Let s(c) be the third derivative of -c**6/120 - c**5/15 + 5*c**4/24 + c**3/2 - 12*c**2. Calculate s(-5).
3
Let a(h) = -14*h + 3. Let b(i) = -9*i + 2. Let n(y) = 5*a(y) - 8*b(y). Suppose r - 19 = 6*r + z, -5*z = -5. Let g be (2/(-4))/(2/r). Determine n(g).
1
Let y(b) = -2*b**2 + 5*b - 2. Let o(i) = 7*i + 8. Let u(d) = -3*d - 4. Let h(f) = 4*o(f) + 9*u(f). Let s be h(7). Determine y(s).
-5
Let f(m) = -m**3 + 3*m**2 - 2. Let a be (12/(-15))/((-2)/5). Suppose d + 0*d = a. Suppose 6 = 4*j - d*j. Calculate f(j).
-2
Suppose -2*s - 3*z + 19 = 0, 3 = z - 2. Let a(k) = -k - k**3 - 2*k**3 + 1 + 0*k**3 + 2*k**3 + 5*k**s. Determine a(5).
-4
Let p be (-17)/3 - (-7)/(-21). Let a(d) = d**3 + 5*d**2 - 4*d + 1. What is a(p)?
-11
Let h(k) = k - 9. Let s be h(11). Let p(l) = -l**3 + 3*l - 4 - 3*l**s - 3*l - l - l. Calculate p(-3).
2
Let l(i) be the first derivative of -i**4/4 - i**3/3 + 3*i**2/2 - i - 6. Dete